
Suppose 696*o - 663*o - 630135 = 0. What is the hundreds digit of o?
0
Suppose -113*d + 915815 = -6281448 - 948455. What is the units digit of d?
6
Let c be 4685/25 - (12/5 - 2). Suppose 12*j - j - c = 0. What is the tens digit of j?
1
Suppose -40 - 16 = 8*o. Let v(i) = -98*i - 35. What is the tens digit of v(o)?
5
Suppose -8188 - 61072 = -4*i. Suppose 8*d + i = -12381. What is the tens digit of (-24)/108 + d/(-18)?
0
Let m = 3945 - -9846. What is the thousands digit of m?
3
Let m be 586680/252 - (-4)/(-42). Suppose 7*p + 319 = m. What is the hundreds digit of p?
2
Suppose -29108 - 61615 = -5*f + 3*x, x + 72570 = 4*f. What is the hundreds digit of f?
1
Suppose -2*f = -5*w - 6*f - 48, 36 = -4*w - 2*f. Let q(i) = 13 + 10*i**2 - i**2 + 2*i - 2*i**2 + i**3 - 12*i. What is the units digit of q(w)?
9
Let u be ((-80)/(-15) + -4)*957. Suppose -2*y + 4*y + 934 = 3*z, 4*z - u = -5*y. What is the tens digit of z?
1
Let j = -1650 + 3126. Suppose -7*g + j = 11*g. What is the units digit of g?
2
Let w be (4/(-6))/((-8)/11436). Suppose -2*o = 3*j - w, o = 8*j - 6*j + 480. What is the hundreds digit of o?
4
Suppose 90*g - 85*g - 100 = 0. Suppose -5*n + 3*n = 2*z - g, -3*z - n + 20 = 0. Let h(b) = 6*b + 29. What is the units digit of h(z)?
9
Let b(h) = 131*h + 694. What is the tens digit of b(52)?
0
Let i be 975/234 - (-1)/(-6). Suppose -610 = -5*q - i*o, 610 = 3*q + 2*q + 3*o. What is the hundreds digit of q?
1
Suppose -11 = -4*q + q - 2*p, 2*q - 2*p = -6. Suppose 0 = -4*x - 33 + q. Let i(a) = a**2 - 10*a - 31. What is the tens digit of i(x)?
1
Suppose -3*o = -u + 388, -25*u + 106 = -o - 20*u. Let c = o - -372. What is the tens digit of c?
4
Suppose 9*w = 14*w + 11110. What is the hundreds digit of -2 - -6 - w/2?
1
Let c be 0 + (-10)/(-4) - 50/100. Let m be ((-5)/((-125)/(-105)))/(c/(-10)). Suppose 79 = a + m. What is the units digit of a?
8
Let s(m) = 5*m**2 + 15*m - 103. Let p be s(5). Let n = p - -18. What is the hundreds digit of n?
1
Let m(h) = -262 + 273 + 6*h - 2*h + 23*h**2. What is the units digit of m(-4)?
3
Let r(z) = 2*z**2 - 11*z + 9. Let t be r(7). Let a be ((-16)/(-10) - t/(-75)) + 14. Suppose 6*l = a*l - 360. What is the units digit of l?
6
Suppose 5*o - 8036 = 7*o - 5*c, -2*c - 8 = 0. Let a = o + 2111. What is the tens digit of a/(-9) + -1 + 0?
1
Let h be (1/(-3))/(95/(-30) - -3). Let x(u) = 61*u**2 + 2*u - 2. What is the units digit of x(h)?
6
What is the ten thousands digit of (-6 + 26086/6)/(4/48*4)?
1
Let y be (2 + 24/(-18))*(3 + -546). Let h = 726 + y. What is the units digit of h?
4
Let c = -448 - -500. What is the units digit of 76/(6 - 304/c)?
4
Let c(r) = -4*r**3 + 2*r**2 - 2*r - 197. Let g(k) = -2*k**3 - k. Let y(j) = -c(j) + g(j). What is the hundreds digit of y(0)?
1
Suppose 28*s = -2*s + 2*s + 30884. What is the thousands digit of s?
1
Suppose 5*f + 5*f - 205089 = 190461. What is the tens digit of f?
5
Suppose -36*m + 31*m = -4*n + 129536, -n = -m - 32382. What is the ten thousands digit of n?
3
Let p(t) = t**3 - 4*t**2 + 9*t - 18. Let i(z) = z**3 - 7*z**2 - 7*z. Let s be i(8). What is the hundreds digit of p(s)?
3
Suppose v - 6*v = -40. Suppose -4*p = 4*g - 9 - 23, -8*g + 2*p + 94 = 0. Suppose v*u - g = 325. What is the tens digit of u?
4
What is the hundreds digit of 3/((-36)/(-52214)) - 133/798?
3
Suppose 4*z + 35 = 11*z. Let u(m) = 69*m - 17. What is the units digit of u(z)?
8
Let h = 1302 - -1181. What is the units digit of h?
3
Let b = -13 + 24. Suppose 113 = -4*s + 5*s. Let n = s - b. What is the hundreds digit of n?
1
Let j(f) = 3*f - 8. Let x(i) = -i. Let y(w) = j(w) + 2*x(w). Let o be y(7). What is the units digit of 178/(-4)*(o - 1)?
9
Suppose 70 + 76 = i. Suppose -6*h + 400 = -i. What is the units digit of h?
1
Suppose 48*t = 44*t + 52. What is the hundreds digit of 56/(-14) - -8 - t*-8?
1
Let b be 40/(-48)*-9*(0 - 34). Let a = 297 + b. What is the tens digit of a?
4
Suppose 37*d - 218365 = -19*d + 111923. What is the thousands digit of d?
5
Let t be (9/6)/(18/3444). Let h = 423 - t. What is the tens digit of h?
3
Let r = -618 + 622. Suppose -r*v + 2*m = -m - 1856, 3*m + 12 = 0. What is the units digit of v?
1
Let g be 0 + 2 + (-77)/(-1). Suppose 4*w = -2*m + 4, 0 = -14*m + 17*m + 3*w. Let c = g + m. What is the units digit of c?
7
Let l = -2767 + 16608. What is the thousands digit of l?
3
Let m(l) = 9*l**2 - 42*l - 50. What is the thousands digit of m(15)?
1
Let l = -1452 + 3575. What is the tens digit of l?
2
Suppose 0 = 33*j - 27*j - 258. Let r = j - -406. What is the tens digit of r?
4
Suppose -37*i + 37*i + 1098699 = 21*i. What is the ten thousands digit of i?
5
Suppose -4*v = 57 - 65. Suppose -12 = -3*z - v*z + 4*w, 0 = z + 4*w + 12. Suppose 0 = -4*r - 2*q + 382, z*r - 467 = -5*r + q. What is the tens digit of r?
9
Let d = 8 - 15. Let z(t) = -t**3 - 3*t**2 + 14*t - 16. Let o be z(d). What is the tens digit of (-3)/6 - o/(-4)*1?
2
Suppose 0 = 2*x - 26 - 42. Suppose 0 = -x*k + 30*k + 1128. What is the tens digit of k?
8
Let f = 188 - 270. Let b = f + 1717. What is the units digit of b?
5
Let y(r) = 209*r + 1. Let i be y(1). Suppose -i = -6*t + 1116. What is the units digit of t?
1
Suppose 4*u + b = -294, u - 2*b + 19 = -50. Let s be (-47)/5*-1*(-1280)/(-256). Let t = s - u. What is the hundreds digit of t?
1
Suppose 100 = -3*l + 112. Suppose 0 = -3*c - 2 - 1, -c + 39 = l*g. Suppose -510 = 5*q - g*q. What is the units digit of q?
2
Let s(x) = -3*x - 24. Let f be s(-13). Suppose 2*d = -y + 180, 14*y - f*y = d - 175. What is the hundreds digit of y?
1
Let x be (-5 + 9 - 12) + -460. What is the thousands digit of (14/2)/((-3)/x)?
1
Let j(v) = v**3 - 27*v**2 - 24*v - 443. What is the tens digit of j(31)?
5
Let v be (3740/(-6))/(-2) - (-12)/36. Suppose 6*l = 19*l + v. What is the hundreds digit of l/(-8) + 284 + 1?
2
Let v = 338 + -335. Suppose 5*h - 596 = h - v*o, 0 = -3*o. What is the tens digit of h?
4
Let i(g) = 3*g**3 - 24*g**2 + g - 6. Let q be i(8). Suppose -4*d = 8*k - 4*k - 476, -3*d + q*k + 337 = 0. What is the tens digit of d?
1
Suppose 0 = -21*v + 15*v + 30. Suppose v*r = 13*r + 1512. Let u = 50 - r. What is the hundreds digit of u?
2
Suppose -4*l = 4*r - 244572, l + 5*r + 3338 - 64501 = 0. What is the ten thousands digit of l?
6
Suppose n - 244 = -2*i, -4*n + 7 = -9. Let f(k) = k**2 - k - 7. Let h be f(4). Suppose -3*s + h*x - 207 + 561 = 0, x = s - i. What is the units digit of s?
3
Suppose 3248945 + 2373725 = 160*b + 42*b. What is the thousands digit of b?
7
Let v be (0 - 0)/(-15 - -13). Suppose v = -4*x + 2*y + 5 + 1, 0 = x + y + 3. Suppose -2*a + x*a + 102 = 4*p, -2*a - 150 = -5*p. What is the units digit of p?
8
Suppose -5884 = -4*m - 5*s, 0 = -4*m - m + 5*s + 7310. Suppose -1476*i + m*i = -16160. What is the hundreds digit of i?
6
Suppose k = 5*k - 348. Let m be 115 - (1 - 1) - (665 - 658). Let a = m - k. What is the tens digit of a?
2
Let w(g) = 478*g**2 + 2. Let d be w(-1). Suppose -5*p = -n - 492, -3*p = 2*p + 5*n - d. What is the tens digit of p?
9
Let h = -6163 + 11177. What is the tens digit of h?
1
Let q(j) = j**3 + 9*j**2 - 13*j - 6. Let t be q(-10). Let o be (t/(-10))/(21/140). What is the tens digit of ((-12)/o)/((-3)/(-206))*4?
0
Let w(k) = -k**3 - 4*k**2 + 6*k - 7. Let p be w(-5). Let r = p + 14. Suppose 0 = 2*v + r*v - 480. What is the tens digit of v?
2
Suppose -11*u = -60 + 38. Suppose 330 = u*x - 452. What is the hundreds digit of x?
3
Suppose 29*d + 15 = 32*d, -5*m + 5*d = 25. Let a be ((-8)/6)/(3/(-108)). Suppose m*j - 4*j + a = 0. What is the tens digit of j?
1
Let y(u) = -2*u. Let h(d) = 65*d + 19. Let n(z) = h(z) - 5*y(z). What is the hundreds digit of n(4)?
3
Suppose -5*i + 4*s = -172170, -4*i + 109812 + 27915 = -5*s. What is the thousands digit of i?
4
Let m(g) = 22*g**3 + 6*g**2 - 6. Let v be m(2). Let z = 197 + v. What is the tens digit of z?
9
Let y(a) = 46*a + 3356. What is the units digit of y(-42)?
4
Suppose 2*f - 7*f = -10. Let d(y) be the first derivative of 25*y**2/2 - 3*y - 860. What is the units digit of d(f)?
7
Suppose 153*h - 161*h = -27240. What is the tens digit of h?
0
Suppose 157 = -8*z - 235. Let i = -49 - z. Suppose i = -5*u - 5 + 15, 4*s - 446 = -u. What is the hundreds digit of s?
1
Let x(b) = 3*b**3 - 7*b**2 + 11*b - 2. Let j be x(5). Let w = j + -389